{"id":557,"date":"2025-06-29T08:38:28","date_gmt":"2025-06-29T06:38:28","guid":{"rendered":"https:\/\/rothemund.de\/wordpress\/?page_id=557"},"modified":"2025-06-29T08:38:28","modified_gmt":"2025-06-29T06:38:28","slug":"hinweis-zum-bfs-gesetz","status":"publish","type":"page","link":"https:\/\/rothemund.de\/wordpress\/hinweis-zum-bfs-gesetz\/","title":{"rendered":"Hinweis zum BFS-Gesetz"},"content":{"rendered":"<div id=\"pl-557\"  class=\"panel-layout\" ><div id=\"pg-557-0\"  class=\"panel-grid panel-no-style\" ><div id=\"pgc-557-0-0\"  class=\"panel-grid-cell\" ><div id=\"panel-557-0-0-0\" class=\"so-panel widget widget_text panel-first-child panel-last-child\" data-index=\"0\" ><h3 class=\"widget-title\">Barrierefreiheit von Webseiten<\/h3>\t\t\t<div class=\"textwidget\"><p>Am\u00a0<strong>29. Juni 2025<\/strong>\u00a0treten das\u00a0<strong>Barrierefreiheitsst\u00e4rkungsgesetz (BFSG)<\/strong>\u00a0und die\u00a0<strong>Verordnung zum Barrierefreiheitsst\u00e4rkungsgesetz (BFSGV)<\/strong>\u00a0in Kraft. Diese Vorschriften setzen die EU-Richtlinie 2019\/882 \u00fcber die Barrierefreiheitsanforderungen f\u00fcr bestimmte Produkte und Dienstleistungen um.<\/p>\n<p>Durch die Vorgaben zur Barrierefreiheit von Produkten und Dienstleistungen soll die\u00a0<strong>Teilhabe von Menschen mit Beeintr\u00e4chtigungen am Wirtschaftsleben<\/strong>\u00a0gest\u00e4rkt werden. Ziel der neuen Regelungen ist es, unter anderem bestimmte Online-Angebote barrierefrei zu gestalten, so dass sie auch f\u00fcr Menschen mit Einschr\u00e4nkungen des Sehens, des H\u00f6rens, der Motorik oder kognitiven Beeintr\u00e4chtigungen zug\u00e4nglich sind und ohne Erschwernis genutzt werden k\u00f6nnen.<\/p>\n<p>Die im BFSG und der BFSGV geregelten Anforderungen der Barrierefreiheit hinsichtlich Webseiten gelten f\u00fcr\u00a0<strong>\u201eDienstleistungen im elektronischen Gesch\u00e4ftsverkehr\u201c<\/strong>, die f\u00fcr den\u00a0<strong>Abschluss eines Verbrauchervertrags<\/strong>\u00a0erbracht werden. Von den Regelungen erfasst ist daher der\u00a0<strong>Online-Verkauf jeglicher Produkte oder Dienstleistungen an Verbraucherinnen und Verbraucher \u00fcber Webseiten und Apps (B2C-E-Commerce)<\/strong>.<\/p>\n<p>Damit sind grunds\u00e4tzlich auch\u00a0<strong>Firmenwebseiten und Apps von Handwerksbetrieben<\/strong>\u00a0von der verpflichtenden barrierefreien Gestaltung betroffen, sofern dort folgende Funktionen angeboten werden:<\/p>\n<ul>\n<li><strong>Online-Shops<\/strong>, in denen Verbraucherinnen und Verbraucher Produkte kaufen k\u00f6nnen und \/oder<\/li>\n<li><strong>Online-Buchung von Handwerksdienstleistungen<\/strong>, die f\u00fcr Verbraucherinnen und Verbraucher erbracht werden.<\/li>\n<\/ul>\n<p>Da unser Onlineangebot sich auf reine\u00a0<strong>Pr\u00e4sentationswebseiten<\/strong>\u00a0konzentriert, auf denen Produkte oder Dienstleistungen lediglich vorgestellt, jedoch nicht von Verbraucherinnen oder Verbrauchern erworben oder gebucht werden k\u00f6nnen,\u00a0<strong>sind wir nicht von den Barrierefreiheitsvorschriften betroffen.<\/strong><\/p>\n<p>mehr nachzulesen unter:<\/p>\n<p><a href=\"https:\/\/www.zdh.de\/ueber-uns\/fachbereich-organisation-und-recht\/praxis-recht-\/-leitfaeden\/praxis-recht-barrierefreiheit-von-webseiten\/\">Barrierefreiheit Webseiten: FAQ und Praxishinweise | ZDH<\/a><\/p>\n<\/div>\n\t\t<\/div><\/div><\/div><\/div>","protected":false},"excerpt":{"rendered":"<p>Am\u00a029. Juni 2025\u00a0treten das\u00a0Barrierefreiheitsst\u00e4rkungsgesetz (BFSG)\u00a0und die\u00a0Verordnung zum Barrierefreiheitsst\u00e4rkungsgesetz (BFSGV)\u00a0in Kraft. Diese Vorschriften setzen die EU-Richtlinie 2019\/882 \u00fcber die Barrierefreiheitsanforderungen f\u00fcr bestimmte Produkte und Dienstleistungen um. Durch die Vorgaben zur Barrierefreiheit von Produkten und Dienstleistungen soll die\u00a0Teilhabe von Menschen mit Beeintr\u00e4chtigungen am Wirtschaftsleben\u00a0gest\u00e4rkt werden. Ziel der neuen Regelungen ist es, unter [&hellip;]<\/p>\n","protected":false},"author":1,"featured_media":0,"parent":0,"menu_order":0,"comment_status":"closed","ping_status":"closed","template":"","meta":{"footnotes":""},"class_list":["post-557","page","type-page","status-publish","hentry"],"_links":{"self":[{"href":"https:\/\/rothemund.de\/wordpress\/wp-json\/wp\/v2\/pages\/557","targetHints":{"allow":["GET"]}}],"collection":[{"href":"https:\/\/rothemund.de\/wordpress\/wp-json\/wp\/v2\/pages"}],"about":[{"href":"https:\/\/rothemund.de\/wordpress\/wp-json\/wp\/v2\/types\/page"}],"author":[{"embeddable":true,"href":"https:\/\/rothemund.de\/wordpress\/wp-json\/wp\/v2\/users\/1"}],"replies":[{"embeddable":true,"href":"https:\/\/rothemund.de\/wordpress\/wp-json\/wp\/v2\/comments?post=557"}],"version-history":[{"count":1,"href":"https:\/\/rothemund.de\/wordpress\/wp-json\/wp\/v2\/pages\/557\/revisions"}],"predecessor-version":[{"id":558,"href":"https:\/\/rothemund.de\/wordpress\/wp-json\/wp\/v2\/pages\/557\/revisions\/558"}],"wp:attachment":[{"href":"https:\/\/rothemund.de\/wordpress\/wp-json\/wp\/v2\/media?parent=557"}],"curies":[{"name":"wp","href":"https:\/\/api.w.org\/{rel}","templated":true}]}}