{"id":41,"date":"2017-12-22T21:27:19","date_gmt":"2017-12-22T20:27:19","guid":{"rendered":"http:\/\/rothemund.de\/wordpress\/?page_id=41"},"modified":"2018-05-10T13:09:56","modified_gmt":"2018-05-10T11:09:56","slug":"wohlfuehloase","status":"publish","type":"page","link":"https:\/\/rothemund.de\/wordpress\/dienstleistungen\/bad-wellness\/wohlfuehloase\/","title":{"rendered":"Wohlf\u00fchloase"},"content":{"rendered":"<div id=\"pl-41\"  class=\"panel-layout\" ><div id=\"pg-41-0\"  class=\"panel-grid panel-no-style\" ><div id=\"pgc-41-0-0\"  class=\"panel-grid-cell\" ><div id=\"panel-41-0-0-0\" class=\"so-panel widget widget_text panel-first-child panel-last-child\" data-index=\"0\" ><h3 class=\"widget-title\">Ihr neues Bad &#8211; nat\u00fcrlich vom Fachmann<\/h3>\t\t\t<div class=\"textwidget\"><div class=\"textwidget\">\n<p>Ein neues Bad ist eine Entscheidung, die vorausschauend geplant sein will. Schlie\u00dflich wollen Sie m\u00f6glichst lange viel Freude an Ihrem Lebens-Raum Bad haben, auch wenn sich in verschiedenen Lebensabschnitten die Bed\u00fcrfnisse und Anspr\u00fcche an den Badkomfort ver\u00e4ndern.<\/p>\n<p>Ein intelligent geplantes Bad kann sich Ihren W\u00fcnschen anpassen und bietet Ver\u00e4nderungsoptionen ohne gro\u00dfen Aufwand:<\/p>\n<p>Vom klappbaren Duschsitz \u00fcber den ergonomischen, unterfahrbaren Waschtisch bis hin zum barrierefreien Duscheinstieg \u2013 wir haben viel Erfahrung auf diesem Gebiet und geben sie gern an Sie weiter<\/p>\n<p>Die Sanierung oder Neuplanung eines Badezimmers ist Vertrauenssache. Deshalb arbeiten wir mit dem Badausstatter ELEMENTS Hand in Hand. F\u00fchlen Sie sich von der Erstberatung bis zum Einbau gut aufgehoben. Mit einer vagen Vorstellung hinein, mit einer konkreten Planung inklusive ma\u00dfgeschneidertem Angebot hinaus. Und nicht zuletzt mit der Sicherheit, beim Einbau absolute Profis am Werk zu haben.<\/p>\n<p>Bildnachweise: <a href=\"http:\/\/www.elements-show.de\">elements-show.de<\/a><\/p>\n<\/div>\n<\/div>\n\t\t<\/div><\/div><\/div><div id=\"pg-41-1\"  class=\"panel-grid panel-no-style\" ><div id=\"pgc-41-1-0\"  class=\"panel-grid-cell\" ><div id=\"panel-41-1-0-0\" class=\"so-panel widget widget_media_gallery panel-first-child panel-last-child\" data-index=\"1\" ><h3 class=\"widget-title\">Galerie<\/h3>\n\t\t<style type=\"text\/css\">\n\t\t\t#gallery-1 {\n\t\t\t\tmargin: auto;\n\t\t\t}\n\t\t\t#gallery-1 .gallery-item {\n\t\t\t\tfloat: left;\n\t\t\t\tmargin-top: 10px;\n\t\t\t\ttext-align: center;\n\t\t\t\twidth: 25%;\n\t\t\t}\n\t\t\t#gallery-1 img {\n\t\t\t\tborder: 2px solid #cfcfcf;\n\t\t\t}\n\t\t\t#gallery-1 .gallery-caption {\n\t\t\t\tmargin-left: 0;\n\t\t\t}\n\t\t\t\/* see gallery_shortcode() in wp-includes\/media.php *\/\n\t\t<\/style>\n\t\t<div id='gallery-1' class='gallery galleryid-41 gallery-columns-4 gallery-size-thumbnail'><dl class='gallery-item'>\n\t\t\t<dt class='gallery-icon landscape'>\n\t\t\t\t<a href='https:\/\/rothemund.de\/wordpress\/dienstleistungen\/bad-wellness\/wohlfuehloase\/foto-3_lbb\/'><img decoding=\"async\" width=\"150\" height=\"150\" src=\"https:\/\/rothemund.de\/wordpress\/wp-content\/uploads\/2017\/12\/foto-3_lbb-150x150.jpg\" class=\"attachment-thumbnail size-thumbnail\" alt=\"\" \/><\/a>\n\t\t\t<\/dt><\/dl><dl class='gallery-item'>\n\t\t\t<dt class='gallery-icon landscape'>\n\t\t\t\t<a href='https:\/\/rothemund.de\/wordpress\/dienstleistungen\/bad-wellness\/wohlfuehloase\/foto-2_lbb\/'><img decoding=\"async\" width=\"150\" height=\"150\" src=\"https:\/\/rothemund.de\/wordpress\/wp-content\/uploads\/2017\/12\/foto-2_lbb-150x150.jpg\" class=\"attachment-thumbnail size-thumbnail\" alt=\"\" \/><\/a>\n\t\t\t<\/dt><\/dl><dl class='gallery-item'>\n\t\t\t<dt class='gallery-icon portrait'>\n\t\t\t\t<a href='https:\/\/rothemund.de\/wordpress\/dienstleistungen\/bad-wellness\/wohlfuehloase\/foto-11_lbb\/'><img decoding=\"async\" width=\"150\" height=\"150\" src=\"https:\/\/rothemund.de\/wordpress\/wp-content\/uploads\/2017\/12\/foto-11_lbb-150x150.jpg\" class=\"attachment-thumbnail size-thumbnail\" alt=\"\" \/><\/a>\n\t\t\t<\/dt><\/dl><dl class='gallery-item'>\n\t\t\t<dt class='gallery-icon portrait'>\n\t\t\t\t<a href='https:\/\/rothemund.de\/wordpress\/dienstleistungen\/bad-wellness\/wohlfuehloase\/foto-44_lbb\/'><img loading=\"lazy\" decoding=\"async\" width=\"150\" height=\"150\" src=\"https:\/\/rothemund.de\/wordpress\/wp-content\/uploads\/2017\/12\/foto-44_lbb-150x150.jpg\" class=\"attachment-thumbnail size-thumbnail\" alt=\"\" \/><\/a>\n\t\t\t<\/dt><\/dl><br style=\"clear: both\" \/><dl class='gallery-item'>\n\t\t\t<dt class='gallery-icon landscape'>\n\t\t\t\t<a href='https:\/\/rothemund.de\/wordpress\/dienstleistungen\/bad-wellness\/wohlfuehloase\/vig_white_milieu_doppelwaschtisch_weisse_wand_xl_4c\/'><img loading=\"lazy\" decoding=\"async\" width=\"150\" height=\"150\" src=\"https:\/\/rothemund.de\/wordpress\/wp-content\/uploads\/2017\/12\/vig_white_milieu_doppelwaschtisch_weisse_wand_xl_4c-150x150.jpg\" class=\"attachment-thumbnail size-thumbnail\" alt=\"\" \/><\/a>\n\t\t\t<\/dt><\/dl><dl class='gallery-item'>\n\t\t\t<dt class='gallery-icon landscape'>\n\t\t\t\t<a href='https:\/\/rothemund.de\/wordpress\/dienstleistungen\/bad-wellness\/wohlfuehloase\/vig_white_milieu_xxl_4c_4\/'><img loading=\"lazy\" decoding=\"async\" width=\"150\" height=\"150\" src=\"https:\/\/rothemund.de\/wordpress\/wp-content\/uploads\/2017\/12\/vig_white_milieu_xxl_4c_4-150x150.jpg\" class=\"attachment-thumbnail size-thumbnail\" alt=\"\" \/><\/a>\n\t\t\t<\/dt><\/dl><dl class='gallery-item'>\n\t\t\t<dt class='gallery-icon portrait'>\n\t\t\t\t<a href='https:\/\/rothemund.de\/wordpress\/dienstleistungen\/bad-wellness\/wohlfuehloase\/vig_white_milieu_xxl_4c_9\/'><img loading=\"lazy\" decoding=\"async\" width=\"150\" height=\"150\" src=\"https:\/\/rothemund.de\/wordpress\/wp-content\/uploads\/2017\/12\/vig_white_milieu_xxl_4c_9-150x150.jpg\" class=\"attachment-thumbnail size-thumbnail\" alt=\"\" \/><\/a>\n\t\t\t<\/dt><\/dl><dl class='gallery-item'>\n\t\t\t<dt class='gallery-icon landscape'>\n\t\t\t\t<a href='https:\/\/rothemund.de\/wordpress\/vig_white_milieu_modelle_2014_xxl_4c_3\/'><img loading=\"lazy\" decoding=\"async\" width=\"150\" height=\"150\" src=\"https:\/\/rothemund.de\/wordpress\/wp-content\/uploads\/2017\/12\/vig_white_milieu_modelle_2014_xxl_4c_3-150x150.jpg\" class=\"attachment-thumbnail size-thumbnail\" alt=\"\" \/><\/a>\n\t\t\t<\/dt><\/dl><br style=\"clear: both\" \/>\n\t\t<\/div>\n<\/div><\/div><\/div><\/div>","protected":false},"excerpt":{"rendered":"<p>Ein neues Bad ist eine Entscheidung, die vorausschauend geplant sein will. Schlie\u00dflich wollen Sie m\u00f6glichst lange viel Freude an Ihrem Lebens-Raum Bad haben, auch wenn sich in verschiedenen Lebensabschnitten die Bed\u00fcrfnisse und Anspr\u00fcche an den Badkomfort ver\u00e4ndern. Ein intelligent geplantes Bad kann sich Ihren W\u00fcnschen anpassen und bietet Ver\u00e4nderungsoptionen ohne [&hellip;]<\/p>\n","protected":false},"author":1,"featured_media":0,"parent":35,"menu_order":0,"comment_status":"closed","ping_status":"closed","template":"","meta":{"footnotes":""},"class_list":["post-41","page","type-page","status-publish","hentry"],"_links":{"self":[{"href":"https:\/\/rothemund.de\/wordpress\/wp-json\/wp\/v2\/pages\/41","targetHints":{"allow":["GET"]}}],"collection":[{"href":"https:\/\/rothemund.de\/wordpress\/wp-json\/wp\/v2\/pages"}],"about":[{"href":"https:\/\/rothemund.de\/wordpress\/wp-json\/wp\/v2\/types\/page"}],"author":[{"embeddable":true,"href":"https:\/\/rothemund.de\/wordpress\/wp-json\/wp\/v2\/users\/1"}],"replies":[{"embeddable":true,"href":"https:\/\/rothemund.de\/wordpress\/wp-json\/wp\/v2\/comments?post=41"}],"version-history":[{"count":7,"href":"https:\/\/rothemund.de\/wordpress\/wp-json\/wp\/v2\/pages\/41\/revisions"}],"predecessor-version":[{"id":417,"href":"https:\/\/rothemund.de\/wordpress\/wp-json\/wp\/v2\/pages\/41\/revisions\/417"}],"up":[{"embeddable":true,"href":"https:\/\/rothemund.de\/wordpress\/wp-json\/wp\/v2\/pages\/35"}],"wp:attachment":[{"href":"https:\/\/rothemund.de\/wordpress\/wp-json\/wp\/v2\/media?parent=41"}],"curies":[{"name":"wp","href":"https:\/\/api.w.org\/{rel}","templated":true}]}}