{"id":33,"date":"2017-12-22T21:24:18","date_gmt":"2017-12-22T20:24:18","guid":{"rendered":"http:\/\/rothemund.de\/wordpress\/?page_id=33"},"modified":"2018-01-01T14:51:34","modified_gmt":"2018-01-01T13:51:34","slug":"waermepumpen","status":"publish","type":"page","link":"https:\/\/rothemund.de\/wordpress\/dienstleistungen\/heizung\/waermepumpen\/","title":{"rendered":"W\u00e4rmepumpen"},"content":{"rendered":"<div id=\"pl-33\"  class=\"panel-layout\" ><div id=\"pg-33-0\"  class=\"panel-grid panel-no-style\" ><div id=\"pgc-33-0-0\"  class=\"panel-grid-cell\" ><div id=\"panel-33-0-0-0\" class=\"so-panel widget widget_text panel-first-child\" data-index=\"0\" >\t\t\t<div class=\"textwidget\"><p><b>Umwelt schonen &#8211; Klima sch\u00fctzen<\/b><\/p>\n<p>Mit der Wahl einer neuen Heizung treffen Sie die Entscheidung dar\u00fcber, wie niedrig Ihre Heizkosten in den n\u00e4chsten Jahrzehnten sein werden.<\/p>\n<p>Au\u00dferdem hat Ihre Entscheidung entweder einen positiven oder einen negativen Einfluss auf die Umwelt.<\/p>\n<p><b>Die Erde ben\u00f6tigt unsere Hilfe. Jetzt!<\/b><\/p>\n<p>Die gr\u00f6sste Bedrohung der Welt ist die Klimaver\u00e4nderung. Doch jeder einzelne von uns kann einen Beitrag dazu leisten, dass auch unsere Kinder und Enkel in einer intakten Umwelt leben k\u00f6nnen. Die Technik dazu steht bereit.<\/p>\n<p>Wir m\u00fcssen sie nur einsetzen. Halbe Heizkosten, grosser Umweltvorteil. Mit einer W\u00e4rmepumpenheizungsanlage entscheiden Sie sich f\u00fcr \u00e4usserst niedrige Heizenergie- und Betriebskosten sowie f\u00fcr einen sehr geringen Schadstoffausstoss. Vor Ort ist er sogar gleich null.<\/p>\n<p>Mit Blick auf das Wohl der Umwelt ist die W\u00e4rmepumpe also erste Wahl. Moderne W\u00e4rmepumpen heizen sehr effizient, bereiten Warmwasser, l\u00fcften und k\u00fchlen. Sie bieten Ihnen und Ihrer Familie optimalen Wohnkomfort bei gut kalkulierbaren Heizkosten.<\/p>\n<p>Heizen mit der W\u00e4rmepumpe =<br \/>\nEffizienz + Nachhaltigkeit =<br \/>\nCO2 Reduktion f\u00fcr Generationen!<br \/>\nAndere Heizsysteme haben Tradition, die W\u00e4rmepumpe hat Zukunft!<\/p>\n<p><strong>Quelle: <a href=\"http:\/\/alphainnotec.de\">alphainnotec.de<\/a><\/strong><\/p>\n<\/div>\n\t\t<\/div><div id=\"panel-33-0-0-1\" class=\"so-panel widget widget_text panel-last-child\" data-index=\"1\" ><h3 class=\"widget-title\">Vorteile<\/h3>\t\t\t<div class=\"textwidget\"><p><b>Ihre Vorteile auf einen Blick<br \/>\n<\/b><br \/>\nW\u00e4rmepumpen z\u00e4hlen zu den effektivsten und \u00f6kologisch sinnvollsten Techniken im Bereich der erneuerbaren Energien.<br \/>\nSie k\u00f6nnen, was der direkten Sonnenenergienutzung versagt bleibt:<br \/>\nNutzung gespeicherter Sonnenenergie, auch nachts unabh\u00e4ngig von der Jahreszeit.<\/p>\n<p>Durch den Einsatz kostenloser Umwelt-Energie und minimale Betriebskosten ist die Wirtschaftlichkeit von W\u00e4rmepumpen enorm.<\/p>\n<p>Da die W\u00e4rmepumpe das wohl gr\u00f6\u00dfte CO2-Einsparpotential aller Energieerzeuger bietet, geh\u00f6rt sie in Sachen Umweltfreundlichkeit zur ersten Wahl im Heizungsbereich.<\/p>\n<p>Gesteigerter Komfort und Lebensqualit\u00e4t sind zus\u00e4tzliche wichtige Faktoren, warum Sie sich f\u00fcr die Wahl einer W\u00e4rmepumpe entscheiden sollten.<\/p>\n<\/div>\n\t\t<\/div><\/div><\/div><div id=\"pg-33-1\"  class=\"panel-grid panel-no-style\" ><div id=\"pgc-33-1-0\"  class=\"panel-grid-cell\" ><div id=\"panel-33-1-0-0\" class=\"so-panel widget widget_text panel-first-child panel-last-child\" data-index=\"2\" ><h3 class=\"widget-title\">W\u00e4rmequelle Luft<\/h3>\t\t\t<div class=\"textwidget\"><p>In der Regel dient Aussenluft bei Luft\/Wasser-W\u00e4rmepumpen als W\u00e4rmequelle. Bei Gewerbe- und Industrieanlagen besteht auch die M\u00f6glichkeit, Raum- bzw. Abluft zu nutzen. Der Einsatz von Raum bzw. Abluft sollte jedoch bereits bei der Vorplanung mit unseren Technikern im Werk abgestimmt werden. <img loading=\"lazy\" decoding=\"async\" class=\"size-full wp-image-219 alignright\" src=\"http:\/\/rothemund.de\/wordpress\/wp-content\/uploads\/2018\/01\/glashausaussen.jpg\" alt=\"\" width=\"263\" height=\"125\" \/><\/p>\n<p>Die Nutzung von Raumluft als W\u00e4rmequelle ist sinnvoll bei Gewerbebetrieben mit grossen Mengen temperierter Abluft oder wenn eine Abk\u00fchlung der R\u00e4ume erforderlich ist. Nicht zul\u00e4ssig ist die Nutzung von amoniakhaltiger oder chemisch belasteter Luft (z. B. Stallabluft). Ein Sonderfall bildet die kontrollierte Wohnrauml\u00fcftung mit W\u00e4rmer\u00fcckgewinnung. In die L\u00fcftungsger\u00e4te sind oft Luft\/Luft-W\u00e4rmepumpen eingebaut. Betrachtet wird hier der Regelfall: die Nutzung der Aussenluft durch eine Luft\/Wasser- W\u00e4rmepumpe.<\/p>\n<p>Die geringen, gut kalkulierbaren Erschliessungskosten sind ein grosser Vorteil der W\u00e4rmequelle Luft. Die Nutzung der Luft bedarf keiner Genehmigung. Luft\/Wasser-W\u00e4rmepumpen k\u00f6nnen im Haus oder ausserhalb des Hauses aufgestellt werden. Die Innenaufstellung erfordert Luftkan\u00e4le f\u00fcr die Zu- und Abfuhr der Aussenluft. Die Aussenaufstellung ben\u00f6tigt weniger Raum; hier sind die Aufstellungshinweise zu beachten (zur Vermeidung von Bel\u00e4stigungen durch Schallemissionen).<\/p>\n<p>Die schwankende und das gerade in der Heizsaison niedrige Temperaturniveau der Aussenluft bewirkt einen geringf\u00fcgig h\u00f6heren Energiebedarf. Der bivalente Betrieb kann im Geb\u00e4udebestand eine interessante und kosteng\u00fcnstige Alternative sein. Die Auslegung der W\u00e4rmepumpe erfolgt auf den Bivalenzpunkt, abh\u00e4ngig von der H\u00f6he der Investition kann dieser zwischen 3 und -5 \u00b0C liegen. Auch im Neubau bieten Luft\/Wasser- W\u00e4rmepumpen eine kosteng\u00fcnstige Alternative zu anderen W\u00e4rmequellen. Der Betrieb ist meistens monoenergetisch mit einem Auslegungspunkt (Bivalenzpunkt) zwischen -2 und -7 \u00b0C. Hierbei deckt die W\u00e4rmepumpe dann ca. 95 &#8211; 98 % des gesamten j\u00e4hrlichen Energiebedarfes.<\/p>\n<\/div>\n\t\t<\/div><\/div><div id=\"pgc-33-1-1\"  class=\"panel-grid-cell\" ><div id=\"panel-33-1-1-0\" class=\"so-panel widget widget_text panel-first-child panel-last-child\" data-index=\"3\" ><h3 class=\"widget-title\">W\u00e4rmequelle Erdreich<\/h3>\t\t\t<div class=\"textwidget\"><p>Erdreich speichert Umweltw\u00e4rme saisonal, also \u00fcber einen l\u00e4ngeren Zeitraum. Dies f\u00fchrt zu einer \u00fcber das Jahr relativ gleichm\u00e4ssig hohen Temperatur der W\u00e4rmequelle und damit zu einer guten Leistungszahl. <img loading=\"lazy\" decoding=\"async\" class=\"size-full wp-image-220 alignright\" src=\"http:\/\/rothemund.de\/wordpress\/wp-content\/uploads\/2018\/01\/glashauserdkollektor.jpg\" alt=\"\" width=\"250\" height=\"167\" \/><\/p>\n<p>Die Nutzung der im Erdboden gespeicherten W\u00e4rme erfolgt \u00fcber Erdw\u00e4rmekollektoren oder Erdw\u00e4rmesonden. Dabei wird die W\u00e4rme von einem Hilfskreis (Solekreis) aufgenommen, der seinerseits die W\u00e4rme an das Arbeitsmittel der W\u00e4rmepumpe abgibt.<\/p>\n<\/div>\n\t\t<\/div><\/div><div id=\"pgc-33-1-2\"  class=\"panel-grid-cell\" ><div id=\"panel-33-1-2-0\" class=\"so-panel widget widget_text panel-first-child panel-last-child\" data-index=\"4\" ><h3 class=\"widget-title\">W\u00e4rmequelle Wasser<\/h3>\t\t\t<div class=\"textwidget\"><p>Sowohl Oberfl\u00e4chenwasser als auch Grundwasser k\u00f6nnen als W\u00e4rmequelle genutzt werden. Oberfl\u00e4chenwasser eignet sich nur in Ausnahmef\u00e4llen. Es besteht Verschmutzungsgefahr (Algen, Schwebestoffe), und die Gefahr, dass die Temperatur im Jahresverlauf schwankend ist (Schneeschmelze). <img loading=\"lazy\" decoding=\"async\" class=\"size-full wp-image-221 alignright\" src=\"http:\/\/rothemund.de\/wordpress\/wp-content\/uploads\/2018\/01\/glashausgrundwasser.jpg\" alt=\"\" width=\"220\" height=\"157\" \/><\/p>\n<p>In der Regel wird Grundwasser als W\u00e4rmequelle f\u00fcr Wasser\/ Wasser-W\u00e4rmepumpen genutzt. Grundwasser hat im Jahresverlauf eine konstante Temperatur, die mit etwa 10 \u00b0C relativ hoch ist. Damit ergibt sich eine hohe Leistungszahl. Die W\u00e4rmepumpenanlage kann monovalent betrieben werden.<\/p>\n<p>Zu ber\u00fccksichtigen sind h\u00f6here Erschliessungskosten, da f\u00fcr die Nutzung des Grundwassers Schluck- und F\u00f6rderbrunnen gebohrt werden m\u00fcssen.<\/p>\n<p>Grunds\u00e4tzlich besteht hierf\u00fcr eine Genehmigungspflicht bei der Wasserbeh\u00f6rde!<\/p>\n<p>Vor der Entscheidung f\u00fcr Grundwasser als W\u00e4rmequelle muss gepr\u00fcft werden, ob in geeigneter Tiefe Grundwasser in ausreichender Menge und Qualit\u00e4t vorliegt. Die Analyse des Wassers und der Bau der Brunnen m\u00fcssen auf jeden Fall durch einen erfahrenen Brunnenbauer erfolgen.<\/p>\n<\/div>\n\t\t<\/div><\/div><\/div><div id=\"pg-33-2\"  class=\"panel-grid panel-no-style\" ><div id=\"pgc-33-2-0\"  class=\"panel-grid-cell\" ><div id=\"panel-33-2-0-0\" class=\"so-panel widget widget_text panel-first-child panel-last-child\" data-index=\"5\" >\t\t\t<div class=\"textwidget\"><p><a href=\"http:\/\/alphainnotec.de\"><strong>Quelle: alphainnotec.de<\/strong><\/a><\/p>\n<\/div>\n\t\t<\/div><\/div><\/div><div id=\"pg-33-3\"  class=\"panel-grid panel-no-style\" ><div id=\"pgc-33-3-0\"  class=\"panel-grid-cell panel-grid-cell-empty\" ><\/div><\/div><\/div>","protected":false},"excerpt":{"rendered":"<p>Umwelt schonen &#8211; Klima sch\u00fctzen Mit der Wahl einer neuen Heizung treffen Sie die Entscheidung dar\u00fcber, wie niedrig Ihre Heizkosten in den n\u00e4chsten Jahrzehnten sein werden. Au\u00dferdem hat Ihre Entscheidung entweder einen positiven oder einen negativen Einfluss auf die Umwelt. Die Erde ben\u00f6tigt unsere Hilfe. Jetzt! Die gr\u00f6sste Bedrohung der [&hellip;]<\/p>\n","protected":false},"author":1,"featured_media":0,"parent":21,"menu_order":0,"comment_status":"closed","ping_status":"closed","template":"page-templates\/template-fullwidth.php","meta":{"footnotes":""},"class_list":["post-33","page","type-page","status-publish","hentry"],"_links":{"self":[{"href":"https:\/\/rothemund.de\/wordpress\/wp-json\/wp\/v2\/pages\/33","targetHints":{"allow":["GET"]}}],"collection":[{"href":"https:\/\/rothemund.de\/wordpress\/wp-json\/wp\/v2\/pages"}],"about":[{"href":"https:\/\/rothemund.de\/wordpress\/wp-json\/wp\/v2\/types\/page"}],"author":[{"embeddable":true,"href":"https:\/\/rothemund.de\/wordpress\/wp-json\/wp\/v2\/users\/1"}],"replies":[{"embeddable":true,"href":"https:\/\/rothemund.de\/wordpress\/wp-json\/wp\/v2\/comments?post=33"}],"version-history":[{"count":7,"href":"https:\/\/rothemund.de\/wordpress\/wp-json\/wp\/v2\/pages\/33\/revisions"}],"predecessor-version":[{"id":225,"href":"https:\/\/rothemund.de\/wordpress\/wp-json\/wp\/v2\/pages\/33\/revisions\/225"}],"up":[{"embeddable":true,"href":"https:\/\/rothemund.de\/wordpress\/wp-json\/wp\/v2\/pages\/21"}],"wp:attachment":[{"href":"https:\/\/rothemund.de\/wordpress\/wp-json\/wp\/v2\/media?parent=33"}],"curies":[{"name":"wp","href":"https:\/\/api.w.org\/{rel}","templated":true}]}}