{"id":29,"date":"2017-12-20T22:10:59","date_gmt":"2017-12-20T21:10:59","guid":{"rendered":"http:\/\/rothemund.de\/wordpress\/?page_id=29"},"modified":"2018-01-01T14:40:15","modified_gmt":"2018-01-01T13:40:15","slug":"solar","status":"publish","type":"page","link":"https:\/\/rothemund.de\/wordpress\/dienstleistungen\/heizung\/solar\/","title":{"rendered":"Solar"},"content":{"rendered":"<div id=\"pl-29\"  class=\"panel-layout\" ><div id=\"pg-29-0\"  class=\"panel-grid panel-no-style\" ><div id=\"pgc-29-0-0\"  class=\"panel-grid-cell\" ><div id=\"panel-29-0-0-0\" class=\"so-panel widget widget_text panel-first-child panel-last-child\" data-index=\"0\" >\t\t\t<div class=\"textwidget\"><p><b>Wie funktioniert eine Solaranlage?<\/b><br \/>\nDas Kernst\u00fcck einer Solaranlage sind die Kollektoren, die auf dem Dach montiert werden, die Sonnenenergie einfangen und in W\u00e4rme umwandeln. Diese wird \u00fcber eine spezielle Fl\u00fcssigkeit zum Solarspeicher geleitet, wo sie Wasser zum Duschen, Baden oder Heizen erw\u00e4rmt.<\/p>\n<p><b>Und das nicht nur im Sommer!<\/b><br \/>\nAuch bei Minustemperaturen und Sonnenschein gewinnen Sie mit einer Solaranlage Energie. Sogar, wenn es bew\u00f6lkt ist, sammeln die Kollektoren Energie und bringen den W\u00e4rmekreislauf in Schwung.<\/p>\n<p><b>Was kann Solartechnik leisten?<br \/>\n<\/b>Schon eine kleine Solaranlage mit 5 m\u22832; Kollektorfl\u00e4che liefert rund 70% der Energie, die ein 4-Personen-Haushalt f\u00fcr warmes Wasser ben\u00f6tigt. Somit muss die regul\u00e4re Heizungsanlage nur noch knapp ein Drittel der Energie bereitstellen, was die Umwelt und Ihren Geldbeutel schont.<\/p>\n<p><b>Aber Solar kann mehr &#8230; <\/b><br \/>\nund zwar Ihrer Heizung mehr Last abnehmen! Denn mit einer gr\u00f6\u00dferen Kollektorfl\u00e4che und modernen Speichern wird aus einer normalen Solaranlage problemlos eine Heizungsunterst\u00fctzung, die Ihnen hilft, Heizkosten zu sparen und dabei den CO2-Aussto\u00df zu mindern. <img fetchpriority=\"high\" decoding=\"async\" fetchpriority=\"high\" class=\"size-full wp-image-213 alignright\" src=\"http:\/\/rothemund.de\/wordpress\/wp-content\/uploads\/2018\/01\/broetjesolar.jpg\" alt=\"\" width=\"200\" height=\"263\" \/><\/p>\n<p><b>Wann kann eine Solaranlage eingebaut werden?<br \/>\n<\/b>Am g\u00fcnstigsten ist es, eine Solaranlage direkt beim Neubau mit einzuplanen, da sich so ca 20 % Kosten gegen\u00fcber einem sp\u00e4teren Einbau einsparen lassen. Aber auch Geb\u00e4ude im Bestand lassen sich jederzeit mit einer Solaranlage nachr\u00fcsten. Besonders, wenn sie mit einer Heizungserneuerung oder Ma\u00dfnahmen zur W\u00e4rmed\u00e4mmung kombiniert wird, l\u00e4sst sich dabei eine Menge Geld sparen.<\/p>\n<\/div>\n\t\t<\/div><\/div><\/div><\/div>","protected":false},"excerpt":{"rendered":"<p>Wie funktioniert eine Solaranlage? Das Kernst\u00fcck einer Solaranlage sind die Kollektoren, die auf dem Dach montiert werden, die Sonnenenergie einfangen und in W\u00e4rme umwandeln. Diese wird \u00fcber eine spezielle Fl\u00fcssigkeit zum Solarspeicher geleitet, wo sie Wasser zum Duschen, Baden oder Heizen erw\u00e4rmt. Und das nicht nur im Sommer! Auch bei [&hellip;]<\/p>\n","protected":false},"author":1,"featured_media":0,"parent":21,"menu_order":0,"comment_status":"closed","ping_status":"closed","template":"","meta":{"footnotes":""},"class_list":["post-29","page","type-page","status-publish","hentry"],"_links":{"self":[{"href":"https:\/\/rothemund.de\/wordpress\/wp-json\/wp\/v2\/pages\/29","targetHints":{"allow":["GET"]}}],"collection":[{"href":"https:\/\/rothemund.de\/wordpress\/wp-json\/wp\/v2\/pages"}],"about":[{"href":"https:\/\/rothemund.de\/wordpress\/wp-json\/wp\/v2\/types\/page"}],"author":[{"embeddable":true,"href":"https:\/\/rothemund.de\/wordpress\/wp-json\/wp\/v2\/users\/1"}],"replies":[{"embeddable":true,"href":"https:\/\/rothemund.de\/wordpress\/wp-json\/wp\/v2\/comments?post=29"}],"version-history":[{"count":4,"href":"https:\/\/rothemund.de\/wordpress\/wp-json\/wp\/v2\/pages\/29\/revisions"}],"predecessor-version":[{"id":216,"href":"https:\/\/rothemund.de\/wordpress\/wp-json\/wp\/v2\/pages\/29\/revisions\/216"}],"up":[{"embeddable":true,"href":"https:\/\/rothemund.de\/wordpress\/wp-json\/wp\/v2\/pages\/21"}],"wp:attachment":[{"href":"https:\/\/rothemund.de\/wordpress\/wp-json\/wp\/v2\/media?parent=29"}],"curies":[{"name":"wp","href":"https:\/\/api.w.org\/{rel}","templated":true}]}}